factors of ((-5960)/32)/(-5)*32 + -2.
2, 5, 7, 17
Let j(t) = 16*t**2 - 1. Suppose 0*y - 2 = -2*y. Let n be j(y). Suppose -n*g = -2*g - 884. List the prime factors of g.
2, 17
Let t(b) = b**2 - 19*b - 75. Let d be ((2 - 6) + 6/4)*6. List the prime factors of t(d).
3, 5, 29
Suppose -7*y = 3*y - 1100. Suppose -483 = -16*d - 1587. Let l = d + y. What are the prime factors of l?
41
Let v(w) = 40*w**2 - 750*w + 5. List the prime factors of v(29).
3, 5, 13, 61
Let h(f) = -8*f**2 + 15*f + 10. Let a be h(10). Let v = 23 + -21. List the prime factors of a/(-12) - (v - 1)/3.
53
Let h(x) = 2*x**2 - 15*x - 8. Let a = 65 + -57. Let f be h(a). Suppose f = 4*t - 9*t + 425. What are the prime factors of t?
5, 17
Suppose 52*p - 1715 = 14*p + 144585. List the prime factors of p.
2, 5, 7, 11
Suppose 5*a + 7 = 12. List the prime factors of (-2292)/(-9)*(1 + a/2).
2, 191
What are the prime factors of 15 - 6 - -4502 - (2 - -7)?
2, 2251
Suppose 0 = -14*x - 739 - 45. List the prime factors of 8/(x/21) + 444.
3, 7
Let t(j) be the first derivative of -40*j**2 - 17*j - 34. What are the prime factors of t(-4)?
3, 101
Suppose 5*g + 50 = 3*h, 7*g - 4*g + 14 = h. Let q(c) = -c**3 + 20*c**2 + 11*c - 16. List the prime factors of q(h).
2, 3, 17
Let u(q) = 5*q**2 + 3*q - 13. Suppose 0 = 2*n - 0*n - 6. Suppose -n - 5 = -2*v. What are the prime factors of u(v)?
79
Suppose 2465 = 13*u - 18*u. Let r = u + 875. What are the prime factors of r?
2, 191
Suppose -5*m + 0*g - 2*g = 473, 0 = 3*m + g + 284. Let r = m - -79. List the prime factors of (-188)/r + 15/(-20).
11
Suppose 0 = -4*k + 6*h + 3391 + 41117, -2*k + 2*h + 22254 = 0. What are the prime factors of k?
3, 3709
Let o = -7047 + 13208. List the prime factors of o.
61, 101
Let g = -330 - -1999. Let m = -1133 + g. List the prime factors of m.
2, 67
Let k be 2/(-3)*(-3501)/(6 + -3). Let x = k + -378. List the prime factors of x.
2, 5
Let l be (71 - 5) + (-2 - -2). Suppose -3*x + 12 = 0, -13*p - 4 = -14*p - x. Let u = l + p. What are the prime factors of u?
2, 3, 11
Let k = 448 - 120. Suppose -1428 = k*i - 331*i. What are the prime factors of i?
2, 7, 17
Suppose -q - 119416 = -45*q. List the prime factors of q.
2, 23, 59
Suppose -83*d = -1475236 - 473438. List the prime factors of d.
2, 3, 7, 13, 43
Let r = 12357 + -8037. List the prime factors of r.
2, 3, 5
Suppose 5 = -l + 8. Suppose -29*r = -34*r + 5*c + 1560, 0 = -r - 3*c + 320. Suppose 3*z + 5*i = r, 0 = -l*z + 2*i - 3*i + 322. What are the prime factors of z?
2, 3
Let y = 11125 + 12168. List the prime factors of y.
23293
Let f = -19 - -49. Let g = -33 + f. List the prime factors of (115/2)/(g - 7/(-2)).
5, 23
Let n be ((-233)/4)/(4170/(-1040) + 4). Suppose -5*l + 6030 = 5*t, 12*t = 17*t - 2*l - n. What are the prime factors of t?
2, 5, 11
Suppose 17 = -4*a - 5*s - 35, -4*s - 24 = a. Suppose q = 6*q - 545. What are the prime factors of 1*(q + a/(-4))?
3, 37
Suppose l - 4 = 0, -8*f + 33615 = -3*l - 38365. List the prime factors of f.
8999
Let t be ((-4)/((-12)/(-27)))/(-3). Suppose 2*y + t*m = 576, -4*m + 1458 = 5*y - m. What are the prime factors of y?
2, 3, 7
Suppose -5*k + 3*q + 5375 = 0, -6*q = -4*k - 7*q + 4317. Let a = -522 + k. What are the prime factors of a?
2, 139
Let z = -111 - -229. Suppose z + 110 = 4*d. What are the prime factors of 57/2 + d/(-38)?
3
Suppose -2*n + 9*b = -52075, 5*n - 53014 = 3*b + 77271. List the prime factors of n.
2, 5, 1303
Let v = -28 + 43. Suppose 5 = -2*x + v. Suppose 2*p + 59 = x*k, 63 = 5*k - 3*p - p. What are the prime factors of k?
11
List the prime factors of (-13 + 6808)/15*29.
3, 29, 151
Let g(f) = 34*f**2 - 112*f + 474. What are the prime factors of g(26)?
2, 10273
Let a = -3343 + 10434. What are the prime factors of a?
7, 1013
Let u(r) = -130*r**3 - 6*r**2 + 8*r + 26. What are the prime factors of u(-4)?
2, 7, 587
Let s(q) = -31*q**2 - 5*q - 27. Let o be s(-4). Let y = -206 - o. List the prime factors of y.
3, 11
List the prime factors of 0/(-79) - (-79395)/5.
3, 67, 79
Let l be 184 - 183 - (-231)/(-1). Let r = -733 + 380. Let x = l - r. List the prime factors of x.
3, 41
Suppose -715339 = -197*o + 76404. List the prime factors of o.
4019
What are the prime factors of (194250/1125)/((-2)/(-18))?
2, 3, 7, 37
Let i = -37 - -41. Let x be i + -1*8 - (-55 - 1). Let l = x - -101. What are the prime factors of l?
3, 17
Suppose 5*d + 22 = 132. Let t = 10 + d. Let l = 58 - t. List the prime factors of l.
2, 13
Suppose -4*g + 105 = -19. List the prime factors of -7*6*2/((-4)/g).
3, 7, 31
Suppose 3*d = 8477 - 2216. List the prime factors of d.
2087
Let v(p) = 2*p**3 - 262*p**2 - 323*p - 1483. List the prime factors of v(134).
62971
List the prime factors of 16/152 - 3*74818/(-114).
11, 179
Suppose 77198*i = 77181*i + 532440. List the prime factors of i.
2, 3, 5, 29
Let j(m) = 2*m**2 - 2*m + 1. Let k(p) = -p**2 - 9*p + 43. Let q(u) = j(u) + k(u). What are the prime factors of q(13)?
2, 5, 7
Let y be -5 + -3*(-5772)/9. Suppose -254 = 5*k - y. What are the prime factors of k?
3, 37
Suppose 0 = 4*p - 31 + 303. Let a = p + 424. What are the prime factors of a?
2, 89
Let k = -252 + 252. Suppose k = -18*w + 3541 - 355. List the prime factors of w.
3, 59
Let n(m) = m**2 + 20*m + 39. Let b be n(-31). Suppose -2*s + b = -k - k, -929 = -5*s - 2*k. List the prime factors of s.
11, 17
Let m(b) = 68*b - 84. Let y(a) = -67*a + 81. Let w(c) = -4*m(c) - 3*y(c). What are the prime factors of w(-5)?
2, 7
What are the prime factors of (65/(-26))/(3/(-4758))?
5, 13, 61
Let m(l) = l**2 + 16*l - 19. Let t be m(-17). Let i(q) = -q - 3. Let g be i(t). Let j(z) = -60*z + 3. List the prime factors of j(g).
3, 7
Let j(u) be the third derivative of -3/2*u**3 + 7/12*u**4 + 0 + 41*u**2 + 0*u. What are the prime factors of j(8)?
103
Let i(w) = -2*w + 36. Suppose 4*j = 2*x - x - 18, 2 = -5*x - 3*j. Let n be 2/((-24)/39)*(-8)/x. List the prime factors of i(n).
2, 5
What are the prime factors of (-1)/(-3) - (-16277)/3 - (-2325)/(-775)?
11, 17, 29
Let l be 236 - -5 - (0/3 + 2). Suppose -475 = -2*y + u, -6*y + 5*y - u = -l. List the prime factors of y.
2, 7, 17
Suppose -2*w - 2 = -4*p - 0, 0 = -3*p + 6. Suppose j - 5965 = -4*j - g, -w*g + 1207 = j. Suppose 10*z - j + 12 = 0. What are the prime factors of z?
2, 59
Suppose -4*o = 19834 + 12962. What are the prime factors of ((-1)/9)/(1/o)?
911
What are the prime factors of 22800/(-72)*(-3 - (-288)/(-4))?
2, 5, 19
Let l = -47884 + 83061. List the prime factors of l.
29, 1213
Let z = -836 + 563. Let h = z + 626. List the prime factors of h.
353
Let k(n) be the second derivative of -17*n + 89/2*n**2 - 1/20*n**5 + 0 + 0*n**4 - 5/6*n**3. What are the prime factors of k(0)?
89
Suppose -g = -2*b + 21, 4*b = g + 10 + 31. Let a be 1*(2 + -6) + -5 + b. List the prime factors of (a/4)/((-4)/(-2032)).
127
Let b be ((-2)/2)/(29/(-145)) + -1. Suppose -v - 2*p + 32 + 55 = 0, 4*p + 408 = b*v. List the prime factors of v.
97
Suppose -4*h - 10128 = -2*s - 514, 4*s - 4*h = 19212. List the prime factors of s.
4799
Suppose 0 = -4*g - 5*m + 123, -2*g - 32 = -3*g - m. Let b = g - 33. Suppose -a + 2*n = b*a - 138, 0 = -n - 4. What are the prime factors of a?
2, 13
Let v(i) be the third derivative of 7*i**4/24 + 5*i**3/2 - 7*i**2. Let n = 30 + -23. List the prime factors of v(n).
2
Let g = 74378 + -52673. What are the prime factors of g?
3, 5, 1447
Suppose 0 = -4*o - 2 - 158. Let c be (-1)/3*(o - (-2 + -5)). Let r(k) = k**3 - 8*k**2 - 11*k + 7. What are the prime factors of r(c)?
3, 83
Let f(r) = -2*r**3 + 5*r**2 - 4*r. Let o be f(3). Let v = -391 - -379. List the prime factors of v/28 - 618/o.
29
Let k(w) = 15*w**2 - 5*w - 37. Suppose 5 = -5*p, 2*d + 5*p + 0 = -21. List the prime factors of k(d).
3, 107
Suppose 67*i + 85*i = 123*i + 36569. List the prime factors of i.
13, 97
Suppose -2*m + 3*u = -0*m - 6218, -3*u = -3*m + 9333. Let q = 4492 - m. List the prime factors of q.
3, 17
Suppose 7*c - 625 = 2*c - 3*i, -2*c + 4*i = -250. Suppose 5*h - 14*w + 9*w = c, 2*h + 3*w = 70. What are the prime factors of h?
29
Let g(f) = f - 1. Let q(o) = -o - 21. Let l(n) = -6*g(n) + q(n). Suppose -1 = 4*v + 35. List the prime factors of l(v).
2, 3
Suppose 0 = 14*b - 222755 - 293929. What are the prime factors of b?
2, 3, 6151
Let j(b) = -2*b**3 - 52*b**2 - 3*b - 54